[INFO] fetching crate concordium-rust-sdk 2.4.0...
[INFO] checking concordium-rust-sdk-2.4.0 against master#9610dfe5a9a731ced1ea4923ecbd0c57fe367898 for beta-170-4
[INFO] extracting crate concordium-rust-sdk 2.4.0 into /workspace/builds/worker-7-tc1/source
[INFO] validating manifest of crates.io crate concordium-rust-sdk 2.4.0 on toolchain 9610dfe5a9a731ced1ea4923ecbd0c57fe367898
[INFO] running `Command { std: CARGO_HOME="/workspace/cargo-home" RUSTUP_HOME="/workspace/rustup-home" "/workspace/cargo-home/bin/cargo" "+9610dfe5a9a731ced1ea4923ecbd0c57fe367898" "metadata" "--manifest-path" "Cargo.toml" "--no-deps", kill_on_drop: false }`
[INFO] started tweaking crates.io crate concordium-rust-sdk 2.4.0
[INFO] removed 0 missing examples
[INFO] finished tweaking crates.io crate concordium-rust-sdk 2.4.0
[INFO] tweaked toml for crates.io crate concordium-rust-sdk 2.4.0 written to /workspace/builds/worker-7-tc1/source/Cargo.toml
[INFO] crate crates.io crate concordium-rust-sdk 2.4.0 already has a lockfile, it will not be regenerated
[INFO] running `Command { std: CARGO_HOME="/workspace/cargo-home" RUSTUP_HOME="/workspace/rustup-home" "/workspace/cargo-home/bin/cargo" "+9610dfe5a9a731ced1ea4923ecbd0c57fe367898" "fetch" "--manifest-path" "Cargo.toml", kill_on_drop: false }`
[INFO] [stderr]     Updating crates.io index
[INFO] [stderr]  Downloading crates ...
[INFO] [stderr]   Downloaded tokio-macros v2.0.0
[INFO] [stderr]   Downloaded postgres-types v0.2.4
[INFO] [stderr]   Downloaded async-trait v0.1.66
[INFO] [stderr]   Downloaded axum-core v0.3.3
[INFO] [stderr]   Downloaded unicode-bidi v0.3.11
[INFO] [stderr]   Downloaded borsh-derive-internal v0.10.2
[INFO] [stderr]   Downloaded group v0.2.0
[INFO] [stderr]   Downloaded ff v0.5.2
[INFO] [stderr]   Downloaded borsh-schema-derive-internal v0.10.2
[INFO] [stderr]   Downloaded concordium_base_derive v1.0.0
[INFO] [stderr]   Downloaded futures-macro v0.3.27
[INFO] [stderr]   Downloaded ff_derive v0.4.1
[INFO] [stderr]   Downloaded borsh v0.10.2
[INFO] [stderr]   Downloaded socket2 v0.5.2
[INFO] [stderr]   Downloaded cxxbridge-flags v1.0.92
[INFO] [stderr]   Downloaded bs58 v0.4.0
[INFO] [stderr]   Downloaded concordium-wasm v1.1.0
[INFO] [stderr]   Downloaded concordium-contracts-common v6.0.0
[INFO] [stderr]   Downloaded cxx-build v1.0.92
[INFO] [stderr]   Downloaded tokio-postgres v0.7.8
[INFO] [stderr]   Downloaded toml_edit v0.19.6
[INFO] [stderr]   Downloaded rust_decimal v1.29.0
[INFO] [stderr]   Downloaded futures-util v0.3.27
[INFO] [stderr]   Downloaded axum v0.6.11
[INFO] [stderr]   Downloaded concordium-smart-contract-engine v1.2.0
[INFO] [stderr]   Downloaded cxx v1.0.92
[INFO] [stderr]   Downloaded hyper v0.14.25
[INFO] [stderr]   Downloaded prettyplease v0.1.24
[INFO] [stderr]   Downloaded prost-build v0.11.8
[INFO] [stderr]   Downloaded secp256k1 v0.22.2
[INFO] [stderr]   Downloaded cxxbridge-macro v1.0.92
[INFO] [stderr]   Downloaded futures-channel v0.3.27
[INFO] [stderr]   Downloaded futures v0.3.27
[INFO] [stderr]   Downloaded rkyv v0.7.40
[INFO] [stderr]   Downloaded concordium-contracts-common-derive v2.0.0
[INFO] [stderr]   Downloaded rand_xorshift v0.2.0
[INFO] [stderr]   Downloaded borsh-derive v0.10.2
[INFO] [stderr]   Downloaded rkyv_derive v0.7.40
[INFO] [stderr]   Downloaded curve25519-dalek v3.2.1
[INFO] [stderr]   Downloaded futures-task v0.3.27
[INFO] [stderr]   Downloaded io-lifetimes v1.0.6
[INFO] [stderr]   Downloaded tokio-test v0.4.2
[INFO] [stderr]   Downloaded futures-sink v0.3.27
[INFO] [stderr]   Downloaded zeroize v1.3.0
[INFO] [stderr]   Downloaded zeroize_derive v1.3.3
[INFO] [stderr]   Downloaded futures-executor v0.3.27
[INFO] [stderr]   Downloaded sha3 v0.10.6
[INFO] [stderr]   Downloaded secp256k1-sys v0.5.2
[INFO] [stderr]   Downloaded libgit2-sys v0.13.5+1.4.5
[INFO] [stderr]   Downloaded pairing v0.15.1
[INFO] [stderr]   Downloaded concordium_base v1.2.0
[INFO] running `Command { std: "docker" "create" "-v" "/var/lib/crater-agent-workspace/builds/worker-7-tc1/target:/opt/rustwide/target:rw,Z" "-v" "/var/lib/crater-agent-workspace/builds/worker-7-tc1/source:/opt/rustwide/workdir:ro,Z" "-v" "/var/lib/crater-agent-workspace/cargo-home:/opt/rustwide/cargo-home:ro,Z" "-v" "/var/lib/crater-agent-workspace/rustup-home:/opt/rustwide/rustup-home:ro,Z" "-e" "SOURCE_DIR=/opt/rustwide/workdir" "-e" "CARGO_TARGET_DIR=/opt/rustwide/target" "-e" "CARGO_HOME=/opt/rustwide/cargo-home" "-e" "RUSTUP_HOME=/opt/rustwide/rustup-home" "-w" "/opt/rustwide/workdir" "-m" "1610612736" "--user" "0:0" "--network" "none" "ghcr.io/rust-lang/crates-build-env/linux@sha256:19e73879b68f455e41552ea35293514db52ea292d993f571636dbffedb77a1ee" "/opt/rustwide/cargo-home/bin/cargo" "+9610dfe5a9a731ced1ea4923ecbd0c57fe367898" "metadata" "--no-deps" "--format-version=1", kill_on_drop: false }`
[INFO] [stdout] cb23e76db5b6ff19368bd367b9acc29e0539f90ece4bd97b53819b69abd253f0
[INFO] running `Command { std: "docker" "start" "-a" "cb23e76db5b6ff19368bd367b9acc29e0539f90ece4bd97b53819b69abd253f0", kill_on_drop: false }`
[INFO] running `Command { std: "docker" "inspect" "cb23e76db5b6ff19368bd367b9acc29e0539f90ece4bd97b53819b69abd253f0", kill_on_drop: false }`
[INFO] running `Command { std: "docker" "rm" "-f" "cb23e76db5b6ff19368bd367b9acc29e0539f90ece4bd97b53819b69abd253f0", kill_on_drop: false }`
[INFO] [stdout] cb23e76db5b6ff19368bd367b9acc29e0539f90ece4bd97b53819b69abd253f0
[INFO] running `Command { std: "docker" "create" "-v" "/var/lib/crater-agent-workspace/builds/worker-7-tc1/target:/opt/rustwide/target:rw,Z" "-v" "/var/lib/crater-agent-workspace/builds/worker-7-tc1/source:/opt/rustwide/workdir:ro,Z" "-v" "/var/lib/crater-agent-workspace/cargo-home:/opt/rustwide/cargo-home:ro,Z" "-v" "/var/lib/crater-agent-workspace/rustup-home:/opt/rustwide/rustup-home:ro,Z" "-e" "SOURCE_DIR=/opt/rustwide/workdir" "-e" "CARGO_TARGET_DIR=/opt/rustwide/target" "-e" "CARGO_INCREMENTAL=0" "-e" "RUST_BACKTRACE=full" "-e" "RUSTFLAGS=--cap-lints=forbid" "-e" "RUSTDOCFLAGS=--cap-lints=forbid" "-e" "CARGO_HOME=/opt/rustwide/cargo-home" "-e" "RUSTUP_HOME=/opt/rustwide/rustup-home" "-w" "/opt/rustwide/workdir" "-m" "1610612736" "--user" "0:0" "--network" "none" "ghcr.io/rust-lang/crates-build-env/linux@sha256:19e73879b68f455e41552ea35293514db52ea292d993f571636dbffedb77a1ee" "/opt/rustwide/cargo-home/bin/cargo" "+9610dfe5a9a731ced1ea4923ecbd0c57fe367898" "check" "--frozen" "--all" "--all-targets" "--message-format=json", kill_on_drop: false }`
[INFO] [stdout] 0200cbc9edf5cc3e567adf8d9008cf7e92bdc77fabfa478fcf5e8a313a5942cb
[INFO] running `Command { std: "docker" "start" "-a" "0200cbc9edf5cc3e567adf8d9008cf7e92bdc77fabfa478fcf5e8a313a5942cb", kill_on_drop: false }`
[INFO] [stderr]    Compiling proc-macro2 v1.0.56
[INFO] [stderr]    Compiling libc v0.2.141
[INFO] [stderr]    Compiling futures-channel v0.3.27
[INFO] [stderr]    Compiling futures-task v0.3.27
[INFO] [stderr]     Checking futures-sink v0.3.27
[INFO] [stderr]    Compiling ahash v0.7.6
[INFO] [stderr]    Compiling tokio v1.27.0
[INFO] [stderr]    Compiling futures-util v0.3.27
[INFO] [stderr]    Compiling num-integer v0.1.45
[INFO] [stderr]     Checking futures-io v0.3.27
[INFO] [stderr]     Checking digest v0.9.0
[INFO] [stderr]     Checking tracing-core v0.1.30
[INFO] [stderr]    Compiling rustversion v1.0.12
[INFO] [stderr]    Compiling num-traits v0.2.15
[INFO] [stderr]     Checking block-buffer v0.9.0
[INFO] [stderr]    Compiling num-bigint v0.4.3
[INFO] [stderr]    Compiling unicode-xid v0.2.4
[INFO] [stderr]    Compiling num-bigint v0.2.6
[INFO] [stderr]     Checking sha2 v0.9.9
[INFO] [stderr]    Compiling serde_json v1.0.94
[INFO] [stderr]    Compiling crossbeam-epoch v0.9.14
[INFO] [stderr]    Compiling winnow v0.3.5
[INFO] [stderr]    Compiling rust_decimal v1.29.0
[INFO] [stderr]     Checking block-buffer v0.10.4
[INFO] [stderr]    Compiling async-trait v0.1.66
[INFO] [stderr]     Checking arrayvec v0.7.2
[INFO] [stderr]     Checking subtle v2.4.1
[INFO] [stderr]    Compiling once_cell v1.17.1
[INFO] [stderr]     Checking want v0.3.0
[INFO] [stderr]     Checking digest v0.10.6
[INFO] [stderr]    Compiling secp256k1-sys v0.5.2
[INFO] [stderr]     Checking bs58 v0.4.0
[INFO] [stderr]    Compiling rayon-core v1.11.0
[INFO] [stderr]    Compiling either v1.8.1
[INFO] [stderr]     Checking hashbrown v0.11.2
[INFO] [stderr]     Checking keccak v0.1.3
[INFO] [stderr]     Checking leb128 v0.2.5
[INFO] [stderr]    Compiling itertools v0.10.5
[INFO] [stderr]     Checking signature v1.6.4
[INFO] [stderr]     Checking num-iter v0.1.43
[INFO] [stderr]     Checking sha2 v0.10.6
[INFO] [stderr]     Checking num-complex v0.4.3
[INFO] [stderr]     Checking sha3 v0.10.6
[INFO] [stderr]    Compiling semver v1.0.17
[INFO] [stderr]    Compiling heck v0.3.3
[INFO] [stderr]     Checking ed25519 v1.5.3
[INFO] [stderr]    Compiling quote v1.0.26
[INFO] [stderr]     Checking crossbeam-deque v0.8.3
[INFO] [stderr]     Checking csv-core v0.1.10
[INFO] [stderr]     Checking num_cpus v1.15.0
[INFO] [stderr]    Compiling syn v1.0.109
[INFO] [stderr]     Checking getrandom v0.2.8
[INFO] [stderr]     Checking getrandom v0.1.16
[INFO] [stderr]    Compiling syn v2.0.15
[INFO] [stderr]     Checking parking_lot_core v0.9.7
[INFO] [stderr]     Checking signal-hook-registry v1.4.1
[INFO] [stderr]     Checking socket2 v0.4.9
[INFO] [stderr]     Checking rand_core v0.5.1
[INFO] [stderr]     Checking mio v0.8.6
[INFO] [stderr]     Checking rand_core v0.6.4
[INFO] [stderr]     Checking parking_lot v0.12.1
[INFO] [stderr]     Checking rand_pcg v0.2.1
[INFO] [stderr]     Checking rand_chacha v0.2.2
[INFO] [stderr]     Checking rand_chacha v0.3.1
[INFO] [stderr]     Checking time v0.1.45
[INFO] [stderr]    Compiling axum-core v0.3.3
[INFO] [stderr]    Compiling axum v0.6.11
[INFO] [stderr]     Checking rand_xorshift v0.2.0
[INFO] [stderr]     Checking hashbrown v0.12.3
[INFO] [stderr]    Compiling proc-macro-error-attr v1.0.4
[INFO] [stderr]     Checking atty v0.2.14
[INFO] [stderr]     Checking rand v0.7.3
[INFO] [stderr]     Checking clap v2.34.0
[INFO] [stderr]     Checking rand v0.8.5
[INFO] [stderr]     Checking num-rational v0.4.1
[INFO] [stderr]     Checking rayon v1.7.0
[INFO] [stderr]     Checking indexmap v1.9.2
[INFO] [stderr]     Checking num v0.4.0
[INFO] [stderr]    Compiling toml_edit v0.19.6
[INFO] [stderr]    Compiling proc-macro-crate v1.3.1
[INFO] [stderr]     Checking secp256k1 v0.22.2
[INFO] [stderr]    Compiling tokio-macros v2.0.0
[INFO] [stderr]    Compiling synstructure v0.12.6
[INFO] [stderr]    Compiling proc-macro-error v1.0.4
[INFO] [stderr]    Compiling serde_derive v1.0.156
[INFO] [stderr]    Compiling futures-macro v0.3.27
[INFO] [stderr]    Compiling tracing-attributes v0.1.23
[INFO] [stderr]    Compiling zeroize_derive v1.3.3
[INFO] [stderr]    Compiling pin-project-internal v1.0.12
[INFO] [stderr]    Compiling thiserror-impl v1.0.39
[INFO] [stderr]    Compiling ff_derive v0.4.1
[INFO] [stderr]    Compiling concordium-contracts-common-derive v2.0.0
[INFO] [stderr]    Compiling num_enum_derive v0.5.11
[INFO] [stderr]    Compiling async-stream-impl v0.3.4
[INFO] [stderr]    Compiling derive_more v0.99.17
[INFO] [stderr]    Compiling prost-derive v0.11.8
[INFO] [stderr]    Compiling concordium_base_derive v1.0.0
[INFO] [stderr]    Compiling structopt-derive v0.4.18
[INFO] [stderr]     Checking async-stream v0.3.4
[INFO] [stderr]     Checking zeroize v1.3.0
[INFO] [stderr]     Checking curve25519-dalek v3.2.1
[INFO] [stderr]     Checking ff v0.5.2
[INFO] [stderr]     Checking group v0.2.0
[INFO] [stderr]     Checking pairing v0.15.1
[INFO] [stderr]     Checking num_enum v0.5.11
[INFO] [stderr]     Checking thiserror v1.0.39
[INFO] [stderr]     Checking pin-project v1.0.12
[INFO] [stderr]     Checking structopt v0.3.26
[INFO] [stderr]     Checking tracing v0.1.37
[INFO] [stderr]     Checking prost v0.11.8
[INFO] [stderr]     Checking tracing-futures v0.2.5
[INFO] [stderr]     Checking serde v1.0.156
[INFO] [stderr]     Checking tokio-util v0.7.7
[INFO] [stderr]     Checking tokio-stream v0.1.12
[INFO] [stderr]     Checking tokio-io-timeout v1.2.0
[INFO] [stderr]     Checking tokio-test v0.4.2
[INFO] [stderr]     Checking h2 v0.3.16
[INFO] [stderr]     Checking futures-executor v0.3.27
[INFO] [stderr]     Checking tower v0.4.13
[INFO] [stderr]     Checking futures v0.3.27
[INFO] [stderr]     Checking chrono v0.4.24
[INFO] [stderr]     Checking ed25519-dalek v1.0.1
[INFO] [stderr]     Checking ed25519-zebra v3.1.0
[INFO] [stderr]     Checking csv v1.2.1
[INFO] [stderr]     Checking hyper v0.14.25
[INFO] [stderr]     Checking concordium-contracts-common v6.0.0
[INFO] [stderr]     Checking concordium-wasm v1.1.0
[INFO] [stderr]     Checking concordium_base v1.2.0
[INFO] [stderr]     Checking concordium-smart-contract-engine v1.2.0
[INFO] [stderr]     Checking hyper-timeout v0.4.1
[INFO] [stderr]     Checking tonic v0.8.3
[INFO] [stderr]     Checking concordium-rust-sdk v2.4.0 (/opt/rustwide/workdir)
[INFO] [stdout] warning: unused import: `ContractAddress`
[INFO] [stdout]  --> examples/v2_accounts_per_week.rs:5:34
[INFO] [stdout]   |
[INFO] [stdout] 5 |     types::{AbsoluteBlockHeight, ContractAddress},
[INFO] [stdout]   |                                  ^^^^^^^^^^^^^^^
[INFO] [stdout]   |
[INFO] [stdout]   = note: `#[warn(unused_imports)]` on by default
[INFO] [stdout] 
[INFO] [stdout] 
[INFO] [stdout] warning: 1 warning emitted
[INFO] [stdout] 
[INFO] [stdout] 
[INFO] [stdout] warning: unused import: `anyhow::Context`
[INFO] [stdout]  --> examples/token-parse.rs:3:5
[INFO] [stdout]   |
[INFO] [stdout] 3 | use anyhow::Context;
[INFO] [stdout]   |     ^^^^^^^^^^^^^^^
[INFO] [stdout]   |
[INFO] [stdout]   = note: `#[warn(unused_imports)]` on by default
[INFO] [stdout] 
[INFO] [stdout] 
[INFO] [stdout] warning: unused import: `clap::AppSettings`
[INFO] [stdout]  --> examples/token-parse.rs:4:5
[INFO] [stdout]   |
[INFO] [stdout] 4 | use clap::AppSettings;
[INFO] [stdout]   |     ^^^^^^^^^^^^^^^^^
[INFO] [stdout] 
[INFO] [stdout] 
[INFO] [stdout] warning: unused imports: `AccountAddress`, `AccountInfo`, `AccountKeys`, `Amount`, `BlockIdentifier`, `ContractAddress`, `OwnedContractName`, `SerdeDeserialize`, `SerdeSerialize`, `TransactionTime`, `self as contracts_common`, `self`, `self`, `transactions::send`
[INFO] [stdout]   --> examples/token-parse.rs:7:12
[INFO] [stdout]    |
[INFO] [stdout] 7  |     cis2::{self, TokenAmount},
[INFO] [stdout]    |            ^^^^
[INFO] [stdout] 8  |     common::{
[INFO] [stdout] 9  |         types::{Amount, TransactionTime},
[INFO] [stdout]    |                 ^^^^^^  ^^^^^^^^^^^^^^^
[INFO] [stdout] 10 |         SerdeDeserialize, SerdeSerialize,
[INFO] [stdout]    |         ^^^^^^^^^^^^^^^^  ^^^^^^^^^^^^^^
[INFO] [stdout] 11 |     },
[INFO] [stdout] 12 |     id::types::{AccountAddress, AccountKeys},
[INFO] [stdout]    |                 ^^^^^^^^^^^^^^  ^^^^^^^^^^^
[INFO] [stdout] 13 |     smart_contracts::common::{self as contracts_common, OwnedContractName},
[INFO] [stdout]    |                               ^^^^^^^^^^^^^^^^^^^^^^^^  ^^^^^^^^^^^^^^^^^
[INFO] [stdout] 14 |     types::{transactions::send, AccountInfo, ContractAddress},
[INFO] [stdout]    |             ^^^^^^^^^^^^^^^^^^  ^^^^^^^^^^^  ^^^^^^^^^^^^^^^
[INFO] [stdout] 15 |     v2::{self, BlockIdentifier},
[INFO] [stdout]    |          ^^^^  ^^^^^^^^^^^^^^^
[INFO] [stdout] 
[INFO] [stdout] 
[INFO] [stdout] warning: unused import: `std::path::PathBuf`
[INFO] [stdout]   --> examples/token-parse.rs:20:5
[INFO] [stdout]    |
[INFO] [stdout] 20 | use std::path::PathBuf;
[INFO] [stdout]    |     ^^^^^^^^^^^^^^^^^^
[INFO] [stdout] 
[INFO] [stdout] 
[INFO] [stdout] warning: unused import: `sha2::Digest`
[INFO] [stdout]   --> examples/token-parse.rs:19:5
[INFO] [stdout]    |
[INFO] [stdout] 19 | use sha2::Digest;
[INFO] [stdout]    |     ^^^^^^^^^^^^
[INFO] [stdout] 
[INFO] [stdout] 
[INFO] [stdout] warning: use of deprecated type alias `concordium_rust_sdk::types::smart_contracts::Parameter`: Replaced by [`OwnedParameter`](./struct.OwnedParameter.html) for consistency. Use it instead.
[INFO] [stdout]   --> examples/mint.rs:14:27
[INFO] [stdout]    |
[INFO] [stdout] 14 |         smart_contracts::{Parameter, ReceiveName},
[INFO] [stdout]    |                           ^^^^^^^^^
[INFO] [stdout]    |
[INFO] [stdout]    = note: `#[warn(deprecated)]` on by default
[INFO] [stdout] 
[INFO] [stdout] 
[INFO] [stdout] warning: use of deprecated type alias `concordium_rust_sdk::types::smart_contracts::Parameter`: Replaced by [`OwnedParameter`](./struct.OwnedParameter.html) for consistency. Use it instead.
[INFO] [stdout]   --> examples/mint.rs:90:27
[INFO] [stdout]    |
[INFO] [stdout] 90 |             message:      Parameter::try_from(data).unwrap(),
[INFO] [stdout]    |                           ^^^^^^^^^
[INFO] [stdout] 
[INFO] [stdout] 
[INFO] [stdout] warning: 5 warnings emitted
[INFO] [stdout] 
[INFO] [stdout] 
[INFO] [stdout] warning: use of deprecated type alias `concordium_rust_sdk::types::smart_contracts::ModuleRef`: Replaced by [`ModuleReference`](../hashes/type.ModuleReference.html) for consistency. Use it instead.
[INFO] [stdout]   --> examples/init-and-mint.rs:12:46
[INFO] [stdout]    |
[INFO] [stdout] 12 |     smart_contracts::{common::Serial, types::ModuleRef},
[INFO] [stdout]    |                                              ^^^^^^^^^
[INFO] [stdout]    |
[INFO] [stdout]    = note: `#[warn(deprecated)]` on by default
[INFO] [stdout] 
[INFO] [stdout] 
[INFO] [stdout] warning: use of deprecated type alias `concordium_rust_sdk::types::smart_contracts::Parameter`: Replaced by [`OwnedParameter`](./struct.OwnedParameter.html) for consistency. Use it instead.
[INFO] [stdout]   --> examples/init-and-mint.rs:14:46
[INFO] [stdout]    |
[INFO] [stdout] 14 |         smart_contracts::{OwnedContractName, Parameter, ReceiveName},
[INFO] [stdout]    |                                              ^^^^^^^^^
[INFO] [stdout] 
[INFO] [stdout] 
[INFO] [stdout] warning: use of deprecated type alias `concordium_rust_sdk::types::smart_contracts::ModuleRef`: Replaced by [`ModuleReference`](../hashes/type.ModuleReference.html) for consistency. Use it instead.
[INFO] [stdout]   --> examples/init-and-mint.rs:43:16
[INFO] [stdout]    |
[INFO] [stdout] 43 |     modref:    ModuleRef,
[INFO] [stdout]    |                ^^^^^^^^^
[INFO] [stdout] 
[INFO] [stdout] 
[INFO] [stdout] warning: use of deprecated type alias `concordium_rust_sdk::types::smart_contracts::Parameter`: Replaced by [`OwnedParameter`](./struct.OwnedParameter.html) for consistency. Use it instead.
[INFO] [stdout]   --> examples/init-and-mint.rs:83:24
[INFO] [stdout]    |
[INFO] [stdout] 83 |             param:     Parameter::default(),
[INFO] [stdout]    |                        ^^^^^^^^^
[INFO] [stdout] 
[INFO] [stdout] 
[INFO] [stdout] warning: use of deprecated type alias `concordium_rust_sdk::types::smart_contracts::Parameter`: Replaced by [`OwnedParameter`](./struct.OwnedParameter.html) for consistency. Use it instead.
[INFO] [stdout]    --> examples/init-and-mint.rs:124:27
[INFO] [stdout]     |
[INFO] [stdout] 124 |             message:      Parameter::try_from(data).unwrap(),
[INFO] [stdout]     |                           ^^^^^^^^^
[INFO] [stdout] 
[INFO] [stdout] 
[INFO] [stdout] warning: unused `Result` that must be used
[INFO] [stdout]   --> examples/mint.rs:75:9
[INFO] [stdout]    |
[INFO] [stdout] 75 |         0u8.serial(&mut data);
[INFO] [stdout]    |         ^^^^^^^^^^^^^^^^^^^^^
[INFO] [stdout]    |
[INFO] [stdout]    = note: this `Result` may be an `Err` variant, which should be handled
[INFO] [stdout]    = note: `#[warn(unused_must_use)]` on by default
[INFO] [stdout] help: use `let _ = ...` to ignore the resulting value
[INFO] [stdout]    |
[INFO] [stdout] 75 |         let _ = 0u8.serial(&mut data);
[INFO] [stdout]    |         +++++++
[INFO] [stdout] 
[INFO] [stdout] 
[INFO] [stdout] warning: unused `Result` that must be used
[INFO] [stdout]   --> examples/mint.rs:76:9
[INFO] [stdout]    |
[INFO] [stdout] 76 |         keys.address.0.serial(&mut data);
[INFO] [stdout]    |         ^^^^^^^^^^^^^^^^^^^^^^^^^^^^^^^^
[INFO] [stdout]    |
[INFO] [stdout]    = note: this `Result` may be an `Err` variant, which should be handled
[INFO] [stdout] help: use `let _ = ...` to ignore the resulting value
[INFO] [stdout]    |
[INFO] [stdout] 76 |         let _ = keys.address.0.serial(&mut data);
[INFO] [stdout]    |         +++++++
[INFO] [stdout] 
[INFO] [stdout] 
[INFO] [stdout] warning: unused `Result` that must be used
[INFO] [stdout]   --> examples/mint.rs:77:9
[INFO] [stdout]    |
[INFO] [stdout] 77 |         255u32.serial(&mut data);
[INFO] [stdout]    |         ^^^^^^^^^^^^^^^^^^^^^^^^
[INFO] [stdout]    |
[INFO] [stdout]    = note: this `Result` may be an `Err` variant, which should be handled
[INFO] [stdout] help: use `let _ = ...` to ignore the resulting value
[INFO] [stdout]    |
[INFO] [stdout] 77 |         let _ = 255u32.serial(&mut data);
[INFO] [stdout]    |         +++++++
[INFO] [stdout] 
[INFO] [stdout] 
[INFO] [stdout] warning: unused `Result` that must be used
[INFO] [stdout]   --> examples/mint.rs:79:13
[INFO] [stdout]    |
[INFO] [stdout] 79 |             32u8.serial(&mut data);
[INFO] [stdout]    |             ^^^^^^^^^^^^^^^^^^^^^^
[INFO] [stdout]    |
[INFO] [stdout]    = note: this `Result` may be an `Err` variant, which should be handled
[INFO] [stdout] help: use `let _ = ...` to ignore the resulting value
[INFO] [stdout]    |
[INFO] [stdout] 79 |             let _ = 32u8.serial(&mut data);
[INFO] [stdout]    |             +++++++
[INFO] [stdout] 
[INFO] [stdout] 
[INFO] [stdout] warning: unused `Result` that must be used
[INFO] [stdout]   --> examples/mint.rs:83:13
[INFO] [stdout]    |
[INFO] [stdout] 83 |             (amnt & 0b0111_1111).serial(&mut data);
[INFO] [stdout]    |             ^^^^^^^^^^^^^^^^^^^^^^^^^^^^^^^^^^^^^^
[INFO] [stdout]    |
[INFO] [stdout]    = note: this `Result` may be an `Err` variant, which should be handled
[INFO] [stdout] help: use `let _ = ...` to ignore the resulting value
[INFO] [stdout]    |
[INFO] [stdout] 83 |             let _ = (amnt & 0b0111_1111).serial(&mut data);
[INFO] [stdout]    |             +++++++
[INFO] [stdout] 
[INFO] [stdout] 
[INFO] [stdout] warning: unused imports: `AccountTransactionEffects`, `BlockSummary`, `TransactionType`, `queries::BlockInfo`, `self`
[INFO] [stdout]  --> examples/list-updates.rs:6:17
[INFO] [stdout]   |
[INFO] [stdout] 6 |     endpoints::{self, Endpoint},
[INFO] [stdout]   |                 ^^^^
[INFO] [stdout] 7 |     types::{
[INFO] [stdout] 8 |         queries::BlockInfo, AbsoluteBlockHeight, AccountTransactionEffects,
[INFO] [stdout]   |         ^^^^^^^^^^^^^^^^^^                       ^^^^^^^^^^^^^^^^^^^^^^^^^
[INFO] [stdout] 9 |         BlockItemSummaryDetails, BlockSummary, TransactionType, UpdateType,
[INFO] [stdout]   |                                  ^^^^^^^^^^^^  ^^^^^^^^^^^^^^^
[INFO] [stdout]   |
[INFO] [stdout]   = note: `#[warn(unused_imports)]` on by default
[INFO] [stdout] 
[INFO] [stdout] 
[INFO] [stdout] warning: 7 warnings emitted
[INFO] [stdout] 
[INFO] [stdout] 
[INFO] [stdout] warning: unused import: `BakerPoolStatus`
[INFO] [stdout]  --> examples/stakes.rs:7:32
[INFO] [stdout]   |
[INFO] [stdout] 7 |     types::{hashes::BlockHash, BakerPoolStatus},
[INFO] [stdout]   |                                ^^^^^^^^^^^^^^^
[INFO] [stdout]   |
[INFO] [stdout]   = note: `#[warn(unused_imports)]` on by default
[INFO] [stdout] 
[INFO] [stdout] 
[INFO] [stdout] warning: unused `Result` that must be used
[INFO] [stdout]    --> examples/init-and-mint.rs:110:9
[INFO] [stdout]     |
[INFO] [stdout] 110 |         0u8.serial(&mut data);
[INFO] [stdout]     |         ^^^^^^^^^^^^^^^^^^^^^
[INFO] [stdout]     |
[INFO] [stdout]     = note: this `Result` may be an `Err` variant, which should be handled
[INFO] [stdout]     = note: `#[warn(unused_must_use)]` on by default
[INFO] [stdout] help: use `let _ = ...` to ignore the resulting value
[INFO] [stdout]     |
[INFO] [stdout] 110 |         let _ = 0u8.serial(&mut data);
[INFO] [stdout]     |         +++++++
[INFO] [stdout] 
[INFO] [stdout] 
[INFO] [stdout] warning: unused `Result` that must be used
[INFO] [stdout]    --> examples/init-and-mint.rs:111:9
[INFO] [stdout]     |
[INFO] [stdout] 111 |         keys.address.0.serial(&mut data);
[INFO] [stdout]     |         ^^^^^^^^^^^^^^^^^^^^^^^^^^^^^^^^
[INFO] [stdout]     |
[INFO] [stdout]     = note: this `Result` may be an `Err` variant, which should be handled
[INFO] [stdout] help: use `let _ = ...` to ignore the resulting value
[INFO] [stdout]     |
[INFO] [stdout] 111 |         let _ = keys.address.0.serial(&mut data);
[INFO] [stdout]     |         +++++++
[INFO] [stdout] 
[INFO] [stdout] 
[INFO] [stdout] warning: unused `Result` that must be used
[INFO] [stdout]    --> examples/init-and-mint.rs:112:9
[INFO] [stdout]     |
[INFO] [stdout] 112 |         27u32.serial(&mut data);
[INFO] [stdout]     |         ^^^^^^^^^^^^^^^^^^^^^^^
[INFO] [stdout]     |
[INFO] [stdout]     = note: this `Result` may be an `Err` variant, which should be handled
[INFO] [stdout] help: use `let _ = ...` to ignore the resulting value
[INFO] [stdout]     |
[INFO] [stdout] 112 |         let _ = 27u32.serial(&mut data);
[INFO] [stdout]     |         +++++++
[INFO] [stdout] 
[INFO] [stdout] 
[INFO] [stdout] warning: unused `Result` that must be used
[INFO] [stdout]    --> examples/init-and-mint.rs:114:13
[INFO] [stdout]     |
[INFO] [stdout] 114 |             32u8.serial(&mut data);
[INFO] [stdout]     |             ^^^^^^^^^^^^^^^^^^^^^^
[INFO] [stdout]     |
[INFO] [stdout]     = note: this `Result` may be an `Err` variant, which should be handled
[INFO] [stdout] help: use `let _ = ...` to ignore the resulting value
[INFO] [stdout]     |
[INFO] [stdout] 114 |             let _ = 32u8.serial(&mut data);
[INFO] [stdout]     |             +++++++
[INFO] [stdout] 
[INFO] [stdout] 
[INFO] [stdout] warning: unused `Result` that must be used
[INFO] [stdout]    --> examples/init-and-mint.rs:117:13
[INFO] [stdout]     |
[INFO] [stdout] 117 |             1u8.serial(&mut data);
[INFO] [stdout]     |             ^^^^^^^^^^^^^^^^^^^^^
[INFO] [stdout]     |
[INFO] [stdout]     = note: this `Result` may be an `Err` variant, which should be handled
[INFO] [stdout] help: use `let _ = ...` to ignore the resulting value
[INFO] [stdout]     |
[INFO] [stdout] 117 |             let _ = 1u8.serial(&mut data);
[INFO] [stdout]     |             +++++++
[INFO] [stdout] 
[INFO] [stdout] 
[INFO] [stdout] error[E0433]: failed to resolve: use of undeclared crate or module `concordium_std`
[INFO] [stdout]   --> examples/withdraw.rs:40:10
[INFO] [stdout]    |
[INFO] [stdout] 40 | #[derive(contracts_common::Serialize)]
[INFO] [stdout]    |          ^^^^^^^^^^^^^^^^^^^^^^^^^^^ use of undeclared crate or module `concordium_std`
[INFO] [stdout]    |
[INFO] [stdout]    = note: this error originates in the derive macro `contracts_common::Serialize` (in Nightly builds, run with -Z macro-backtrace for more info)
[INFO] [stdout] help: there is a crate or module with a similar name
[INFO] [stdout]    |
[INFO] [stdout] 40 | #[derive(concordium_base)]
[INFO] [stdout]    |          ~~~~~~~~~~~~~~~
[INFO] [stdout] help: consider importing one of these items
[INFO] [stdout]    |
[INFO] [stdout] 1  + use concordium_base::common::Serial;
[INFO] [stdout]    |
[INFO] [stdout] 1  + use concordium_rust_sdk::common::Serial;
[INFO] [stdout]    |
[INFO] [stdout] 1  + use crate::common::Serial;
[INFO] [stdout]    |
[INFO] [stdout] 1  + use crate::contracts_common::Serial;
[INFO] [stdout]    |
[INFO] [stdout] help: if you import `Serial`, refer to it directly
[INFO] [stdout]    |
[INFO] [stdout] 40 | #[derive(contracts_common::Serialize)]
[INFO] [stdout]    |
[INFO] [stdout] 
[INFO] [stdout] 
[INFO] [stdout] warning: unused imports: `InitContractPayload`, `ModuleRef`, `OwnedContractName`, `SerdeDeserialize`, `SerdeSerialize`, `WasmModule`, `self`
[INFO] [stdout]   --> examples/withdraw.rs:4:14
[INFO] [stdout]    |
[INFO] [stdout] 4  |     common::{self, types::TransactionTime, SerdeDeserialize, SerdeSerialize},
[INFO] [stdout]    |              ^^^^                          ^^^^^^^^^^^^^^^^  ^^^^^^^^^^^^^^
[INFO] [stdout] ...
[INFO] [stdout] 8  |         types::{OwnedContractName, OwnedReceiveName},
[INFO] [stdout]    |                 ^^^^^^^^^^^^^^^^^
[INFO] [stdout] ...
[INFO] [stdout] 11 |         smart_contracts::{ModuleRef, Parameter, WasmModule},
[INFO] [stdout]    |                           ^^^^^^^^^             ^^^^^^^^^^
[INFO] [stdout] 12 |         transactions::{send, BlockItem, InitContractPayload, UpdateContractPayload},
[INFO] [stdout]    |                                         ^^^^^^^^^^^^^^^^^^^
[INFO] [stdout]    |
[INFO] [stdout]    = note: `#[warn(unused_imports)]` on by default
[INFO] [stdout] 
[INFO] [stdout] 
[INFO] [stdout] warning: unused import: `thiserror::Error`
[INFO] [stdout]   --> examples/withdraw.rs:19:5
[INFO] [stdout]    |
[INFO] [stdout] 19 | use thiserror::Error;
[INFO] [stdout]    |     ^^^^^^^^^^^^^^^^
[INFO] [stdout] 
[INFO] [stdout] 
[INFO] [stdout] warning: use of deprecated type alias `concordium_rust_sdk::types::smart_contracts::ModuleRef`: Replaced by [`ModuleReference`](../hashes/type.ModuleReference.html) for consistency. Use it instead.
[INFO] [stdout]   --> examples/withdraw.rs:11:27
[INFO] [stdout]    |
[INFO] [stdout] 11 |         smart_contracts::{ModuleRef, Parameter, WasmModule},
[INFO] [stdout]    |                           ^^^^^^^^^
[INFO] [stdout]    |
[INFO] [stdout]    = note: `#[warn(deprecated)]` on by default
[INFO] [stdout] 
[INFO] [stdout] 
[INFO] [stdout] warning: use of deprecated type alias `concordium_rust_sdk::types::smart_contracts::Parameter`: Replaced by [`OwnedParameter`](./struct.OwnedParameter.html) for consistency. Use it instead.
[INFO] [stdout]   --> examples/withdraw.rs:11:38
[INFO] [stdout]    |
[INFO] [stdout] 11 |         smart_contracts::{ModuleRef, Parameter, WasmModule},
[INFO] [stdout]    |                                      ^^^^^^^^^
[INFO] [stdout] 
[INFO] [stdout] 
[INFO] [stdout] warning: use of deprecated type alias `concordium_rust_sdk::types::smart_contracts::Parameter`: Replaced by [`OwnedParameter`](./struct.OwnedParameter.html) for consistency. Use it instead.
[INFO] [stdout]   --> examples/withdraw.rs:85:23
[INFO] [stdout]    |
[INFO] [stdout] 85 |         let message = Parameter::try_from(contracts_common::to_bytes(&params)).unwrap();
[INFO] [stdout]    |                       ^^^^^^^^^
[INFO] [stdout] 
[INFO] [stdout] 
[INFO] [stdout] warning: 10 warnings emitted
[INFO] [stdout] 
[INFO] [stdout] 
[INFO] [stdout] error[E0433]: failed to resolve: use of undeclared crate or module `concordium_std`
[INFO] [stdout]   --> examples/withdraw.rs:40:10
[INFO] [stdout]    |
[INFO] [stdout] 40 | #[derive(contracts_common::Serialize)]
[INFO] [stdout]    |          ^^^^^^^^^^^^^^^^^^^^^^^^^^^ use of undeclared crate or module `concordium_std`
[INFO] [stdout]    |
[INFO] [stdout]    = note: this error originates in the derive macro `contracts_common::Serialize` (in Nightly builds, run with -Z macro-backtrace for more info)
[INFO] [stdout] help: there is a crate or module with a similar name
[INFO] [stdout]    |
[INFO] [stdout] 40 | #[derive(concordium_base)]
[INFO] [stdout]    |          ~~~~~~~~~~~~~~~
[INFO] [stdout] 
[INFO] [stdout] 
[INFO] [stdout] error: aborting due to 2 previous errors; 5 warnings emitted
[INFO] [stdout] 
[INFO] [stdout] 
[INFO] [stdout] For more information about this error, try `rustc --explain E0433`.
[INFO] [stdout] 
[INFO] [stderr] error: could not compile `concordium-rust-sdk` (example "withdraw") due to 3 previous errors; 5 warnings emitted
[INFO] [stderr] warning: build failed, waiting for other jobs to finish...
[INFO] [stdout] warning: unused import: `StreamExt`
[INFO] [stdout]   --> examples/stakes.rs:10:15
[INFO] [stdout]    |
[INFO] [stdout] 10 | use futures::{StreamExt, TryStreamExt};
[INFO] [stdout]    |               ^^^^^^^^^
[INFO] [stdout] 
[INFO] [stdout] 
[INFO] [stdout] error[E0369]: binary operation `!=` cannot be applied to type `UpdateType`
[INFO] [stdout]    --> examples/list-updates.rs:113:49
[INFO] [stdout]     |
[INFO] [stdout] 113 | ...                   if ud.update_type() != UpdateType::UpdateMicroGTUPerEuro {
[INFO] [stdout]     |                          ---------------- ^^ --------------------------------- UpdateType
[INFO] [stdout]     |                          |
[INFO] [stdout]     |                          UpdateType
[INFO] [stdout] 
[INFO] [stdout] 
[INFO] [stdout] error: aborting due to previous error; 1 warning emitted
[INFO] [stdout] 
[INFO] [stdout] 
[INFO] [stdout] For more information about this error, try `rustc --explain E0369`.
[INFO] [stdout] 
[INFO] [stdout] warning: use of deprecated type alias `concordium_rust_sdk::types::smart_contracts::Parameter`: Replaced by [`OwnedParameter`](./struct.OwnedParameter.html) for consistency. Use it instead.
[INFO] [stdout]   --> examples/update-counter.rs:13:27
[INFO] [stdout]    |
[INFO] [stdout] 13 |         smart_contracts::{Parameter, ReceiveName},
[INFO] [stdout]    |                           ^^^^^^^^^
[INFO] [stdout]    |
[INFO] [stdout]    = note: `#[warn(deprecated)]` on by default
[INFO] [stdout] 
[INFO] [stdout] 
[INFO] [stdout] warning: use of deprecated type alias `concordium_rust_sdk::types::smart_contracts::Parameter`: Replaced by [`OwnedParameter`](./struct.OwnedParameter.html) for consistency. Use it instead.
[INFO] [stdout]   --> examples/update-counter.rs:75:27
[INFO] [stdout]    |
[INFO] [stdout] 75 |             message:      Parameter::try_from(sha2::Sha256::digest(&n.to_le_bytes()).to_vec())
[INFO] [stdout]    |                           ^^^^^^^^^
[INFO] [stdout] 
[INFO] [stdout] 
[INFO] [stdout] warning: variable does not need to be mutable
[INFO] [stdout]   --> examples/stakes.rs:44:9
[INFO] [stdout]    |
[INFO] [stdout] 44 |     let mut accs = client.get_account_list(block).await?;
[INFO] [stdout]    |         ----^^^^
[INFO] [stdout]    |         |
[INFO] [stdout]    |         help: remove this `mut`
[INFO] [stdout]    |
[INFO] [stdout]    = note: `#[warn(unused_mut)]` on by default
[INFO] [stdout] 
[INFO] [stdout] 
[INFO] [stderr] error: could not compile `concordium-rust-sdk` (example "list-updates") due to 2 previous errors; 1 warning emitted
[INFO] [stdout] warning: 3 warnings emitted
[INFO] [stdout] 
[INFO] [stdout] 
[INFO] [stdout] warning: 2 warnings emitted
[INFO] [stdout] 
[INFO] [stdout] 
[INFO] running `Command { std: "docker" "inspect" "0200cbc9edf5cc3e567adf8d9008cf7e92bdc77fabfa478fcf5e8a313a5942cb", kill_on_drop: false }`
[INFO] running `Command { std: "docker" "rm" "-f" "0200cbc9edf5cc3e567adf8d9008cf7e92bdc77fabfa478fcf5e8a313a5942cb", kill_on_drop: false }`
[INFO] [stdout] 0200cbc9edf5cc3e567adf8d9008cf7e92bdc77fabfa478fcf5e8a313a5942cb
